site number?
False
Let o(c) = -4*c**3 + c**2 + 2*c + 1. Let f be o(-1). Suppose 3*v = f*v - 71. Let g = 160 - v. Is g composite?
False
Let q be 16/((-2)/106 + 0). Suppose -3*i - 22 = 2*c + 18, -5*i - 40 = -2*c. Is (q/(-40))/((-4)/i) a prime number?
True
Suppose 0 = -4*l + 8170 - 2126. Is l prime?
True
Let z be (-58)/(-8) + 2/(-8). Suppose -5*k + 2 = 7. Is 1*-1*z/k a composite number?
False
Let h = -545 - -1618. Is h a composite number?
True
Suppose -5 = -0*x - x. Suppose x = b - 26. Is b composite?
False
Let k(s) = s**2 + 2*s - 12. Let p be k(8). Is (-4)/(-16)*7*p prime?
False
Suppose 61 + 104 = 5*s. Suppose -6*x + s = -3*x. Is x a prime number?
True
Suppose 3*g + 2*g = 995. Let y = g - 114. Is y prime?
False
Let m(i) = 765*i - 14. Is m(3) a composite number?
False
Suppose 3*a + 148 = 1405. Is a a composite number?
False
Suppose -6*j + 415 = -j - 3*q, j - q - 85 = 0. Suppose 3*g = 7*g - j. Suppose -3 = -c + g. Is c a prime number?
True
Let o = -481 - -816. Is o composite?
True
Suppose -114 = -q - 44. Suppose -b = c + 30, -3*b + c = -22 + 132. Let i = q + b. Is i prime?
False
Let k be (60/(-50))/(1/160). Let y = -109 - k. Is y composite?
False
Suppose -3*z + 1219 + 227 = 3*v, -v = -z - 480. Is v composite?
True
Suppose -4*n + n = -1245. Is n a prime number?
False
Let j be -1 + (0 - (-4 - 0)). Let m be 11/2*(13 - j). Suppose o = 2*g - 134, -2*g + 95 + m = 3*o. Is g composite?
True
Let g = -408 - -661. Is g composite?
True
Suppose 3*c + c = 484. Is c composite?
True
Let i = 308 + -185. Is i a composite number?
True
Suppose 2*x + 2*p - 14 = 0, x + 2*p + 5 = 17. Let b = x + 1. Is b a composite number?
False
Let l(k) = 2*k - 10. Let p be l(7). Let q = p + 0. Suppose -5*d + q*j + 129 = 0, d = -4*d - 4*j + 121. Is d prime?
False
Let b(u) = -u + 1. Let v be b(-2). Let q(h) = 9*h**3 - 2*h**2 + 4*h - 4. Is q(v) a composite number?
False
Let s = 655 + -1117. Let w = -284 - s. Is w a composite number?
True
Let d(v) be the third derivative of 5*v**4/12 - 3*v**3/2 - 8*v**2. Is d(10) a composite number?
True
Suppose -b = -4, -7*b - 1397 = -3*i - 3*b. Is i prime?
False
Suppose 6 = 2*c - 0. Suppose 0 = c*k - 14 - 22. Let t = 9 + k. Is t a prime number?
False
Suppose -5*w + 1512 = 332. Suppose 0 = -3*v - 5*s + w, 4*v = -0*s + 4*s + 368. Is v a composite number?
True
Let q = -12 + 14. Suppose -s = q*b - 821, 6*b = b - 2*s + 2055. Is b composite?
True
Suppose h - 5 = -4*h. Let d(q) = 148*q + 1. Is d(h) composite?
False
Suppose 3*b - 2*b = -1. Let q = b + 168. Is q a composite number?
False
Suppose 2*z - 69 = 19. Suppose 2*o = 5*k - 76, 3*o = -4*k - o + z. Is 10*k*1/4 prime?
False
Suppose 0*t - 15 = -t. Suppose -h - t = -72. Is h a prime number?
False
Is ((-145)/15)/(2/(-42)) prime?
False
Let q(o) = o**2 - 7*o - 3. Let l be q(6). Let m(x) = x**2 + 8*x - 5. Let z be m(l). Suppose 0*s = 3*k + 5*s - 240, 0 = -k + z*s + 97. Is k a prime number?
False
Let x = 13 + -10. Let b(g) = 2*g - 2 + 2*g + 0. Is b(x) a prime number?
False
Suppose 0 = -2*y - 2*y. Suppose y = 5*i - 1746 + 391. Is i a composite number?
False
Let i(h) = h**3 + 4*h**2 - 10*h + 13. Is i(8) composite?
False
Let h be 0 - (0 - (1 + -5)). Let x = h + 2. Is (26/4)/(x/(-8)) a composite number?
True
Let v(w) = -w - 4. Let z be v(-5). Let u = 2 + z. Suppose -4*m - 257 = -u*q, q + 2*m - 69 = -0*m. Is q composite?
False
Let f(v) = -175*v - 17. Is f(-10) a prime number?
True
Let t(u) = -18*u - 3. Let k be (3/6)/(1/12). Suppose 0 = -f + k*f + 15. Is t(f) composite?
True
Suppose 2*h + 373 = 3*s, -4*s - 3*h = -4*h - 504. Is s a prime number?
True
Let p = 0 + 1. Suppose 4*l + 5*m - 164 = 0, 0 = l + 2*l + 5*m - 128. Let r = l + p. Is r a composite number?
False
Let c = 49 - 26. Let n = -11 + c. Suppose -4*h = n, 0 = v + 2*v - 4*h - 1257. Is v prime?
False
Let a = 18 + -10. Let c = a + 0. Suppose -2*z + c = -38. Is z prime?
True
Let o(q) be the first derivative of -q**3/3 - 17*q**2/2 - 13*q + 3. Is o(-11) a prime number?
True
Let u(m) = 61*m**2 + 3*m - 9. Is u(-4) a prime number?
False
Suppose -4*j + 150 = -310. Is j a composite number?
True
Let d(o) be the first derivative of -2*o**2 + 11*o - 1. Let s be d(-11). Let j = 24 + s. Is j a composite number?
False
Suppose 3*i = 9*i - 186. Is i a composite number?
False
Let g(a) = a - 7. Let r be g(8). Let w(n) = 3*n + r + n + 7*n. Is w(6) prime?
True
Let i(h) = -h**3 - 22*h**2 - 30*h - 31. Is i(-22) composite?
True
Let m(x) = -15*x**3 - 5*x**2 - 7*x - 2. Is m(-3) a composite number?
False
Let f = -6 - -5. Let v(c) = -47*c**3 + c + 1. Is v(f) prime?
True
Is (-2091)/(-24) - 3/24 prime?
False
Let q be 3/(-2)*(-16)/12. Let g(f) = -4 + 10 + 0*f**q + f + 2*f**2 + 4. Is g(7) a composite number?
True
Let r(l) = l**3 - 3*l**2 - 7*l + 3. Let m be r(5). Suppose -8 = i - m. Is i a composite number?
True
Let f(q) be the second derivative of q**4/6 + 2*q**3/3 + q**2/2 - q. Suppose 20 = 2*w - x - 2*x, 28 = 2*w - 5*x. Is f(w) composite?
True
Suppose 5*r = r + 5*k + 85, 2*r - 4*k = 50. Is r a composite number?
True
Let o be (3/(-2) - -2)*2. Let s be o*11 - (-4 - -3). Let q = 1 + s. Is q a composite number?
False
Let p(v) = -v**2 + v + 346. Let i(s) = s**3 + 3*s**2 - 5*s - 4. Let x be i(-4). Let t be p(x). Suppose -5*q - 2*o + t = -q, 5*o - 64 = -q. Is q a prime number?
True
Let v = 0 - 0. Let m = 87 + -57. Suppose v = 3*w + m - 411. Is w prime?
True
Suppose 0*c = -4*c + 12, 5*a = 3*c + 3386. Is a a prime number?
False
Suppose -3*z + z = 5*v - 117, -5*z = 5*v - 300. Let c = z - 30. Is c a prime number?
True
Suppose 4*s = 10*s - 6042. Is s a composite number?
True
Let l = 1114 - 397. Is l a prime number?
False
Suppose 2*v = -6, 0 = u + u - v - 3. Suppose 82 = 2*y + 2*s - 176, 3*y + 5*s - 385 = u. Let z = -77 + y. Is z a prime number?
True
Let k(d) = d**2 - 2*d - 4. Let b(q) be the first derivative of -q**2 - 5*q - 2. Let u(i) = -5*b(i) + 6*k(i). Is u(2) composite?
True
Let i be (4/(-8))/(1/(-10)). Suppose u + 82 = i*h + 500, -u + 463 = 4*h. Is u composite?
False
Is 1*(-15)/3*-5 prime?
False
Suppose -t = 2*z - 10, 3*t = -5*z - 0*t + 27. Suppose 2*v = -z*v + 475. Is v a prime number?
False
Let l = -238 + 401. Is l a prime number?
True
Let s be (24 + 12)*6/(-4). Let h = s + 107. Is h composite?
False
Let n(w) = w**3 + w**2 + w + 2. Let o be n(0). Suppose 2*d + s = 11, 4*d - 4*s = 2 + o. Is d a prime number?
False
Is 3 + 87 + (-1)/1 a composite number?
False
Let w(z) = -3*z**3 - 9*z**2 - 9*z + 3. Let h(l) = -4*l**3 - 8*l**2 - 9*l + 4. Let t(d) = 4*h(d) - 5*w(d). Is t(12) a prime number?
False
Let u be 3 - 3 - (3 + -10). Suppose 3*w - u*w + 1148 = 0. Is w composite?
True
Is 1506 - (2 - (-1 - -4)) composite?
True
Suppose -j = 4*j. Suppose 5*v - 15 - 10 = j. Suppose -31 = -2*x - 4*l + 51, -v*x - 5*l = -180. Is x prime?
True
Let s = -47 - -128. Suppose 79 = 5*p - s. Let u = p - -33. Is u a prime number?
False
Suppose -687 = -x - 4*p, 5*x + 140 - 3680 = p. Is x a prime number?
False
Let r be (5 - 4)/(2/(-280)). Let s be r/15 + 2/(-3). Is (4/(-5))/(4/s) composite?
False
Let y(q) = q**2 - 5*q + 2. Is y(12) a prime number?
False
Let h(z) = 19*z**2 - 3*z + 3. Is h(4) a composite number?
True
Suppose 3*z + 2*b = 98, 8*b = 3*b - 10. Is z a prime number?
False
Suppose -1713 = -5*t - 4*p + 990, -534 = -t - 3*p. Is t a prime number?
False
Suppose 5*m - 3*m = 8. Let a be (-1)/m - (-42)/8. Suppose -2*d - a*g = -1 - 37, g + 95 = 5*d. Is d composite?
False
Let i(d) = d**2 + d + 2. Let z be i(-2). Suppose -z*a + 2*u = -20 - 108, 0 = 4*a + u - 128. Suppose -4*w + a + 92 = 0. Is w a prime number?
True
Suppose 0 = -7*t + 4*t + 1074. Is t prime?
False
Let s(z) = 27*z + 1. Is s(2) prime?
False
Let o(y) = -111*y**3 + 5*y**2 - 7*y - 6. Let g(u) = 112*u**3 - 4*u**2 + 6*u + 5. Let f(x) = 7*g(x) + 6*o(x). Is f(1) a composite number?
True
Let r = 191 + 146. Is r prime?
True
Suppose 0 = 12*v + 500 - 48296. Is v a prime number?
False
Let t be (50 + -2 - 1) + -1. Let a(w) = -19 + 20 + w**2 + t. Is a(0) a prime number?
True
Suppose 2*s + 3 = 3*t - 24, -39 = 3*s - 4*t. Let v(f) = f**3 + 10*f**2 + 6*f - 12. Is v(s) composite?
True
Let t be 36 + (1 + -3 - -1). Suppose 4*b - t = 89. Is b a prime number?
True
Let g = -145 - -272. Is g a prime number?
True
Suppose 0 = -0*l - 3*l - 5*x + 1484, 2*l + x = 1001. Is l composite?
False
L